he highest common factor of 43264 and 627968.
256
Calculate the highest common factor of 3032395 and 2332.
53
What is the highest common factor of 504 and 4027527?
63
Calculate the greatest common divisor of 144 and 424832688.
144
What is the greatest common factor of 91 and 3283891?
13
Calculate the highest common factor of 2917217 and 493.
17
What is the highest common divisor of 48492 and 382997?
449
Calculate the greatest common factor of 96485 and 119439.
23
Calculate the highest common factor of 3737 and 449550.
37
What is the highest common divisor of 8082 and 165596139?
4041
Calculate the highest common divisor of 350139 and 380238.
381
What is the highest common factor of 15786 and 223974?
18
What is the greatest common factor of 2338336 and 7007?
1001
Calculate the highest common factor of 15222 and 1373047233.
7611
What is the greatest common divisor of 2194197036 and 1074?
1074
What is the highest common factor of 2520 and 62110?
10
What is the highest common divisor of 243485952 and 32?
32
Calculate the highest common divisor of 554 and 1676428376.
554
Calculate the highest common divisor of 1127 and 633885.
7
What is the greatest common factor of 1232383 and 37096113?
13847
Calculate the greatest common factor of 28838927 and 69719.
2249
Calculate the highest common divisor of 196262352 and 29403.
2673
Calculate the highest common divisor of 6616 and 3482.
2
Calculate the greatest common factor of 1167 and 100322322.
1167
What is the highest common factor of 405 and 246379077?
81
What is the highest common factor of 228 and 11781862?
38
What is the greatest common factor of 940428593 and 611?
611
Calculate the highest common factor of 18 and 9841653.
9
Calculate the greatest common divisor of 11094974 and 2178.
242
What is the greatest common divisor of 5640 and 826660?
20
What is the highest common factor of 13516 and 7025704?
436
Calculate the greatest common factor of 4437821936 and 16.
16
Calculate the greatest common divisor of 12 and 5050936.
4
What is the greatest common divisor of 56347343 and 26?
13
What is the highest common divisor of 142428 and 19162?
286
What is the greatest common factor of 12345 and 38364145?
4115
Calculate the greatest common divisor of 160 and 70642032.
16
What is the greatest common divisor of 7938 and 312564?
42
Calculate the greatest common divisor of 28580 and 92820.
20
What is the greatest common divisor of 1451579 and 17?
17
What is the highest common divisor of 986244 and 6547100?
5572
What is the greatest common factor of 1100077 and 7663?
97
What is the greatest common divisor of 519875928 and 264?
264
Calculate the highest common factor of 14667486 and 885231.
7197
Calculate the highest common divisor of 2915 and 275167255.
2915
Calculate the highest common divisor of 1657 and 633721307.
1657
Calculate the highest common divisor of 8262 and 329243454.
2754
Calculate the highest common factor of 233498626 and 359.
359
Calculate the greatest common divisor of 30 and 163816305.
15
What is the highest common factor of 8918 and 264719?
91
Calculate the highest common divisor of 244 and 11188.
4
Calculate the greatest common divisor of 10821992 and 16.
8
What is the highest common divisor of 445299965 and 55?
55
Calculate the highest common divisor of 6720861 and 441.
21
Calculate the highest common factor of 220387357 and 69.
23
Calculate the greatest common divisor of 13369616 and 416.
208
Calculate the greatest common factor of 61 and 1098973.
1
What is the greatest common divisor of 7609798 and 854?
14
Calculate the highest common divisor of 36 and 2281764.
12
Calculate the highest common divisor of 20461980 and 5082.
462
What is the highest common factor of 5 and 8560240?
5
Calculate the greatest common divisor of 1056 and 35298208.
352
What is the greatest common divisor of 59568 and 12921?
219
Calculate the highest common factor of 1632 and 6422532.
204
Calculate the highest common divisor of 88 and 649022286.
22
Calculate the highest common factor of 759 and 11084919.
69
Calculate the greatest common factor of 64853294 and 22.
22
Calculate the greatest common factor of 129478 and 113242.
82
Calculate the greatest common factor of 12891126 and 11916.
1986
What is the highest common factor of 18933421 and 39?
13
Calculate the highest common divisor of 10726104 and 36.
12
Calculate the highest common divisor of 11410 and 236110.
70
What is the greatest common factor of 1663250 and 1017909?
6653
What is the greatest common factor of 266373500 and 260?
20
What is the greatest common divisor of 57007825 and 13475?
1225
What is the highest common divisor of 717105 and 2245?
5
What is the greatest common divisor of 1164 and 974947?
97
What is the highest common divisor of 13865247 and 198?
99
What is the greatest common factor of 42903 and 16128?
63
Calculate the greatest common factor of 1407292 and 361.
19
Calculate the greatest common divisor of 2569 and 338491073.
367
What is the highest common factor of 3065 and 861850415?
3065
What is the greatest common divisor of 5282 and 1649162?
38
What is the highest common divisor of 450755071 and 100010?
10001
Calculate the highest common divisor of 19873556 and 488.
244
Calculate the greatest common factor of 22189557 and 117.
39
What is the highest common factor of 30 and 69063?
3
Calculate the greatest common divisor of 59384 and 24232.
104
What is the highest common factor of 4429623 and 99?
33
Calculate the highest common divisor of 1065 and 189669045.
1065
What is the highest common factor of 216060 and 39786?
6
Calculate the greatest common factor of 2239181 and 497.
7
What is the highest common factor of 216 and 4953792?
24
Calculate the greatest common factor of 12732 and 34332.
12
Calculate the highest common divisor of 6944 and 282464.
224
What is the greatest common factor of 17 and 196350?
17
What is the highest common divisor of 11147 and 577132?
157
Calculate the greatest common divisor of 334169 and 17017.
187
What is the greatest common factor of 234117 and 15444?
351
Calculate the greatest common factor of 697780092 and 103.
103
What is the greatest common factor of 9160 and 2838455?
1145
What is the highest common factor of 65592952 and 362?
362
What is the highest common factor of 17508205 and 9165?
3055
What is the highest common divisor of 29545846 and 506?
506
What is the highest common factor of 1930 and 175630?
1930
What is the highest common factor of 512120 and 186145?
295
What is the greatest common factor of 37968 and 568729?
791
Calculate the highest common factor of 593637 and 4653.
33
Calculate the greatest common factor of 2975 and 615826785.
595
What is the highest common factor of 7375697 and 3115?
623
Calculate the greatest common divisor of 5183640 and 1440.
360
What is the highest common factor of 23452581 and 321?
321
What is the greatest common divisor of 177320 and 7657?
403
Calculate the greatest common divisor of 5252626 and 17.
17
Calculate the greatest common divisor of 965176715 and 46.
23
Calculate the greatest common factor of 1212946 and 2282.
14
Calculate the greatest common divisor of 8083675 and 1106.
79
Calculate the greatest common divisor of 13737 and 28956.
57
What is the highest common divisor of 21704461 and 17?
17
What is the greatest common divisor of 6535296 and 434?
62
What is the highest common factor of 558 and 1096938?
18
Calculate the greatest common divisor of 34906 and 217318.
1126
What is the highest common divisor of 208107 and 76?
19
What is the highest common factor of 909661 and 167963?
1663
What is the greatest common divisor of 885 and 1609461?
177
Calculate the greatest common divisor of 221496 and 3792.
24
What is the greatest common divisor of 2608491 and 1026?
57
What is the highest common factor of 593476 and 1616?
404
What is the highest common factor of 75708 and 69876?
108
Calculate the greatest common factor of 96645 and 1165.
5
What is the highest common divisor of 221304 and 186?
6
Calculate the highest common factor of 2507775 and 375.
75
Calculate the highest common divisor of 213 and 2237991.
213
What is the greatest common factor of 411 and 75045586?
137
What is the highest common factor of 11375 and 217763?
91
What is the greatest common factor of 1131